its digit of i?
7
Suppose -2*b - 8 = -50. What is the units digit of b?
1
Let k(h) = -h**2 + 6*h + 4. Suppose 4*x - 7*x + 12 = 0. Suppose b = x*p - 19, 4*p - 3*b + 4*b - 29 = 0. What is the units digit of k(p)?
4
Let x(y) = y**3 - y**2 + y - 2. Let w(m) = 2*m**3 - m**2 + 2*m - 3. Let z(j) = 2*w(j) - 5*x(j). Let g be z(3). What is the units digit of 1*-3*-3*g?
9
Let d(p) = 2*p**2 - 11*p + 6. What is the hundreds digit of d(-9)?
2
Let n(r) = -r**2 + 3*r + 2. Let i be n(5). Let p be ((-20)/i)/((-2)/(-4)). Suppose p*s - 57 = -12. What is the units digit of s?
9
Let a = -64 - -310. What is the hundreds digit of a?
2
Let f = -203 - -401. What is the units digit of f?
8
Suppose 0 = -3*w - 293 - 133. What is the units digit of 9/(-12) + w/(-8)?
7
Suppose -93 = -i - 29. What is the units digit of i?
4
Let p = 3 - -3. What is the units digit of p?
6
Let g = -12 + 18. Suppose -2*k = -2*l - g, 3*l + 5*k - 3 = 20. Suppose 0*c + c = l. What is the units digit of c?
1
Suppose -3*z = -95 - 52. What is the units digit of z?
9
Let c be ((-24)/10)/(6/(-40)). What is the tens digit of 180/c - (-6)/8?
1
Suppose -10 = -5*r - 4*l, r + 2*l = -l + 2. Suppose 24 = r*i - 44. What is the tens digit of i?
3
Let j be (9 + 6/3)/(-1). What is the units digit of (-1 - 5)*j/33?
2
Let u = 150 + -70. What is the tens digit of u?
8
Let m(z) = -z**3 - 10*z**2 + 4. Let l = -9 - 1. What is the units digit of m(l)?
4
Suppose -2*a = -3*h + 33, 4*h - 2*a + 12 = 54. Let y = -9 + h. Suppose 3*u = -y*j - 4*j + 68, -u = -5*j + 85. What is the tens digit of j?
1
Let r = 41 - 19. What is the units digit of r?
2
Let w = 14 + -10. Suppose -w*r = -2*o + 2, 5*o - 49 = 2*r - 3*r. What is the units digit of o?
9
Suppose w = 2*w - 7. Suppose 2*v = w*v - 120. What is the tens digit of v?
2
Suppose 5*z = 21 + 129. What is the tens digit of z?
3
Suppose -2*c - y = -3*c + 112, 0 = 5*c - 2*y - 554. What is the hundreds digit of c?
1
Suppose -3*k + 3*y = k + 9, 5*y = -4*k - 49. Let c(i) = i**3 + 2*i**2 - i - 1. Let t be c(-1). What is the units digit of k/(-3*t) - -3?
5
Let i be 5/(-7) + (-8)/28. Let b be i/(-2)*0*-1. Let a = 9 - b. What is the units digit of a?
9
Let m = 124 + -75. What is the units digit of m?
9
Suppose 0 = -5*m - 5*t + 1215, 5*m + 219 = -4*t + 1433. Suppose -m = -3*n - 53. Suppose 4 - 2 = 2*q, 4*u - q - n = 0. What is the tens digit of u?
1
Suppose -14 - 6 = -4*f, -4*f + 32 = j. Suppose 80 = 4*c + j. What is the units digit of c?
7
Suppose 2*l - 123 = -l. What is the units digit of l?
1
Suppose 0*g + 5*g = 0. Suppose 4*v + g = 3*f - 12, 0 = 5*f - 4*v - 12. Suppose f*j = -j + 3. What is the units digit of j?
3
Let h be 1/1 - (0 - 1). Let m be 4/(-2 + (h - -2)). Let t = m - 0. What is the units digit of t?
2
Suppose -51 = -5*y + 84. Let p = 1 + y. What is the tens digit of p?
2
Suppose 5*g - 76 = -2*d + g, -2*d = 2*g - 66. Suppose -4*o = -0*o - d. What is the units digit of o?
7
Suppose 34*y = 30*y + 360. What is the units digit of y?
0
What is the tens digit of (-89)/(-4)*3*12/9?
8
Let h(x) = -3*x**2 - 8*x - 1. Let k(w) = -8*w**2 - 24*w - 4. Let y(s) = 11*h(s) - 4*k(s). Suppose 19*u = 24*u - 30. What is the units digit of y(u)?
7
Let g be 5*(-1 - 1)/(-2). Let x = g + 4. What is the units digit of x?
9
Let f(p) = 34*p**2 + 2*p + 1. Let o be f(-1). Suppose 3*q = 6*q - o. What is the units digit of q?
1
Suppose 13 = 5*o - 162. What is the units digit of o?
5
Let j be (-2)/(10 + -2)*-8. Suppose 4*r = -j*l + 22, r + 9 = 3*l - 31. Suppose -l = 2*u - 47. What is the units digit of u?
7
Let f = -8 - -4. Let v = 8 + f. Suppose v*c = 7*y - 3*y - 24, y = -c + 4. What is the units digit of y?
5
Let c be 1/(2/(-3 - -1)). Let v(d) = -41*d**3 - 2*d**2 - 3*d - 1. What is the tens digit of v(c)?
4
Let b(r) = 2*r**2 - 17*r - 9. What is the tens digit of b(12)?
7
Let g = 15 + -10. Suppose 56 = 3*h - g*d, -3*d = -14 - 1. What is the tens digit of h?
2
Let v = -9 + 84. What is the units digit of v?
5
Let y(a) = -4*a - 1. Let u(m) = 2*m**2 + 7*m + 4. Let g(t) = -t**2. Let k(l) = 3*g(l) + u(l). Let p be k(8). What is the tens digit of y(p)?
1
Let n be (-4)/(-16) - 81/4. Let i = 40 + n. What is the tens digit of i?
2
Suppose -4*y + y + 2*z = -907, -z - 301 = -y. What is the hundreds digit of y?
3
Let n(q) = -4*q - 14. What is the tens digit of n(-26)?
9
Let w(y) = -2*y**3 - 2*y**2 - 3*y - 1. Let a be w(-2). Suppose -5*v - 23 = -2*n, n - v + a = 5*n. Suppose -36 = -n*p - 8. What is the units digit of p?
7
Suppose 48 = 2*x - 0*x. Suppose a = 2*k + 8, 3*a - x = -5*k + k. What is the units digit of a?
8
Suppose -5*j = -8*j + 105. What is the units digit of j?
5
What is the units digit of 4/(-22) - 2058/(-66)?
1
Suppose -8*v + 308 = -6*v. What is the hundreds digit of v?
1
Let v(o) be the first derivative of 2/3*o**3 + 1 + 0*o**2 - o. What is the units digit of v(1)?
1
Let b(l) = -l**2 - 20*l - 14. Let y be b(-18). Let f = y + 1. What is the units digit of f?
3
Let a = 4 + -2. Suppose -u + 0 = -a. What is the units digit of 0 + (-9)/(-2)*u?
9
Suppose -2 = 3*o + 4, 5*k - 2*o - 24 = 0. Suppose -k*r = -139 + 31. What is the units digit of r?
7
Let s be (3 + 0)/(3/2). Suppose s*m = -4*q + 12, -5*m - 2*q + 3 = -q. Suppose -5*g + 23 = -a, -g + m + 7 = -a. What is the units digit of g?
4
Let s = 4 + -2. Let c(j) = 0*j**2 + j**s + 0 - 4. What is the units digit of c(-3)?
5
Let o = 20 - 38. Let w = o + 28. What is the units digit of w?
0
Let b(c) = c**3 + 7*c**2 + 2*c + 12. Let s(p) = 3*p**3 + 20*p**2 + 7*p + 37. Let u(w) = 7*b(w) - 2*s(w). What is the units digit of u(-9)?
0
Suppose -4*u + 15 = -u. Let o(h) = -h - 1. Let g(j) = 2*j + 1. Let z(q) = u*o(q) + g(q). What is the units digit of z(-3)?
5
Let h(l) = l**3 + l**2 + 3. Let o(x) = -x**2 + 4*x. Let j be o(4). Let v be h(j). Suppose -v*r - 3*z = 0, -5*r = -6*r + z + 2. What is the units digit of r?
1
Let m(z) = 6*z + 1. Suppose c - v - 4 - 4 = 0, 10 = -5*c - 5*v. What is the tens digit of m(c)?
1
Suppose -4*n + 124 = -0*n. What is the units digit of n?
1
Let k(w) = w**2 + 1. Let d be k(0). Let i = d - -32. What is the tens digit of i?
3
Suppose 5*t = -2*x + 4 + 6, 0 = t - 2*x + 10. Suppose 0 = 5*w - t*w - 40. What is the units digit of w?
8
Let s(d) = 3*d + 1 - 4*d + 0*d. What is the tens digit of s(-12)?
1
Let n = 18 + -54. Let p = 81 + n. Suppose 3*d - p = 3. What is the units digit of d?
6
Let t(g) = -4 + 2*g - 3*g + 2*g**2 + 4*g. What is the tens digit of t(3)?
2
Let j be (-32)/(-12)*3/2. Suppose -4*t + j = -16. What is the units digit of t?
5
Let m(r) = r**3 + 10*r**2 + 11*r + 2. Let a(k) = -3*k - 2. Let j be a(2). What is the units digit of m(j)?
2
Suppose 4*p - 5*z = -0*z + 4, 4*z + 2 = 3*p. What is the units digit of ((-3)/p)/(1/(-6))?
3
Suppose -5*j - 134 + 343 = 4*k, -5*k + 292 = -4*j. What is the tens digit of k?
5
Suppose 0*l - 68 = -l. What is the units digit of l?
8
What is the hundreds digit of 3/(0 - 6/(-214))?
1
Let w(i) = -13*i - 5. Let v be w(-5). Suppose -4*y + v = y. Let z(d) = 2*d - 11. What is the tens digit of z(y)?
1
Suppose 4*t - 5*o = 95, 0 = -5*t + o - 10 + 155. What is the tens digit of t?
3
Suppose 2*f = -4 + 12. Let p(o) = 36*o**2 - o - 1. Let g be p(-1). Suppose g = f*a + 16. What is the units digit of a?
5
Suppose 2*o - o + 2 = 0. Let k(f) = -f**2 - 2. Let j be k(o). What is the units digit of (j/(-8))/((-5)/(-20))?
3
Let p = 103 + -24. What is the tens digit of p?
7
Suppose 45 = -5*l + 145. What is the units digit of l?
0
Let i be (-9)/21 - 90/(-14). What is the units digit of (-105)/i*(-32)/20?
8
Let m be (5 - 0) + -2 - 1. Suppose 3*f = m*z - 4, 0*f + 5*z - 35 = -5*f. What is the units digit of f?
2
Suppose 4*z + 81 = 7*z. What is the tens digit of z?
2
Suppose 93 = 6*y + 27. What is the tens digit of y?
1
Let o = 124 - -41. What is the hundreds digit of o?
1
Let x(q) = -q**3 - 3*q**2 + 5*q - 13. What is the tens digit of x(-6)?
6
What is the hundreds digit of 4/10 - (-1 - (-5665)/(-25))?
2
Let t(y) = 9*y**2 + 2*y + 5. What is the units digit of t(-2)?
7
Let y = 2 + 63. What is the units digit of y?
5
Suppose o - 2 = 1. Suppose 0*n = o*n - 9. Let v = 6 - n. What is the units digit of v?
3
Suppose -7*q + 9*q = 92. What is the units digit of q?
6
Let d(i) = -i**2 + 5*i + 3. Let p be d(5). Let r be (-2)/(-6) - (-8)/p. Suppose 8 = -w